{"id":40,"date":"2023-12-25T02:53:31","date_gmt":"2023-12-25T02:53:31","guid":{"rendered":"https:\/\/shthemes.net\/demosd\/bemetwp\/?page_id=40"},"modified":"2025-02-11T19:04:26","modified_gmt":"2025-02-11T16:04:26","slug":"home-one-left-to-right","status":"publish","type":"page","link":"https:\/\/barutcuoglukasap.com\/","title":{"rendered":"Home One Left To Right"},"content":{"rendered":"\t\t<div data-elementor-type=\"wp-page\" data-elementor-id=\"40\" class=\"elementor elementor-40\">\n\t\t\t\t\t\t<section class=\"elementor-section elementor-top-section elementor-element elementor-element-a4abe5b elementor-section-full_width elementor-section-height-default elementor-section-height-default\" data-id=\"a4abe5b\" data-element_type=\"section\">\n\t\t\t\t\t\t<div class=\"elementor-container elementor-column-gap-no\">\n\t\t\t\t\t<div class=\"elementor-column elementor-col-100 elementor-top-column elementor-element elementor-element-ff4f2e0\" data-id=\"ff4f2e0\" data-element_type=\"column\">\n\t\t\t<div class=\"elementor-widget-wrap elementor-element-populated\">\n\t\t\t\t\t\t<div class=\"elementor-element elementor-element-24375c6 elementor-align-left elementor-widget elementor-widget-bdevs-home-bg-area\" data-id=\"24375c6\" data-element_type=\"widget\" data-widget_type=\"bdevs-home-bg-area.default\">\n\t\t\t\t<div class=\"elementor-widget-container\">\n\t\t\t \r\n\r\n<div class=\"area-bg\" data-background=\"https:\/\/barutcuoglukasap.com\/wp-content\/uploads\/2025\/01\/slide1.png\">\r\n\t\t\t<section class=\"banner-area banner-bg tg-motion-effects\" data-background=\"https:\/\/malatyawebtasarim.tr\/barutcuoglu\/wp-content\/uploads\/2025\/01\/slide1.png\">\r\n\t\t\t<div class=\"container\">\r\n\t\t\t\t<div class=\"row\">\r\n\t\t\t\t\t<div class=\"col-lg-12\">\r\n\t\t\t\t\t\t<div class=\"banner-content\">\r\n\t\t\t\t\t\t\t\t\t\t\t\t\t\t\t\t\t\t\t\t\t\t\t\t\t\t\t<\/div>\r\n\t\t\t\t\t\t\t\t\t\t\t<\/div>\r\n\t\t\t\t<\/div>\r\n\t\t\t<\/div>\r\n\t\t\t<div class=\"banner-shape-wrap\">\r\n\t\t\t\t<img decoding=\"async\" src=\"https:\/\/shthemes.net\/demosd\/bemetwp\/wp-content\/uploads\/2023\/12\/banner_shape01.png\" alt=\"\" class=\"tg-motion-effects5\">\r\n\t\t\t\t<img decoding=\"async\" src=\"https:\/\/shthemes.net\/demosd\/bemetwp\/wp-content\/uploads\/2023\/12\/banner_shape02.png\" alt=\"\" class=\"tg-motion-effects4\">\r\n\t\t\t\t<img decoding=\"async\" src=\"https:\/\/shthemes.net\/demosd\/bemetwp\/wp-content\/uploads\/2023\/12\/banner_shape03.png\" alt=\"\" class=\"tg-motion-effects3\">\r\n\t\t\t\t<img decoding=\"async\" src=\"https:\/\/shthemes.net\/demosd\/bemetwp\/wp-content\/uploads\/2023\/12\/banner_shape04.png\" alt=\"\" class=\"tg-motion-effects5\">\r\n\t\t\t<\/div>\r\n\t\t<\/section>\r\n\t\t<section class=\"features-area pt-130 pb-70\">\r\n\t\t\t<\/section>\r\n<\/div>\r\n\r\n\r\n\t\t<\/div>\n\t\t\t\t<\/div>\n\t\t\t\t\t<\/div>\n\t\t<\/div>\n\t\t\t\t\t<\/div>\n\t\t<\/section>\n\t\t<div class=\"elementor-element elementor-element-f62fb86 e-flex e-con-boxed e-con e-parent\" data-id=\"f62fb86\" data-element_type=\"container\" data-settings=\"{&quot;content_width&quot;:&quot;boxed&quot;}\" data-core-v316-plus=\"true\">\n\t\t\t\t\t<div class=\"e-con-inner\">\n\t\t<div class=\"elementor-element elementor-element-3937a5f e-con-full e-flex e-con e-child\" data-id=\"3937a5f\" data-element_type=\"container\" data-settings=\"{&quot;content_width&quot;:&quot;full&quot;}\">\n\t\t\t\t<div class=\"elementor-element elementor-element-e568911 elementor-widget elementor-widget-text-editor\" data-id=\"e568911\" data-element_type=\"widget\" data-widget_type=\"text-editor.default\">\n\t\t\t\t<div class=\"elementor-widget-container\">\n\t\t\t<style>\/*! elementor - v3.19.0 - 28-02-2024 *\/\n.elementor-widget-text-editor.elementor-drop-cap-view-stacked .elementor-drop-cap{background-color:#69727d;color:#fff}.elementor-widget-text-editor.elementor-drop-cap-view-framed .elementor-drop-cap{color:#69727d;border:3px solid;background-color:transparent}.elementor-widget-text-editor:not(.elementor-drop-cap-view-default) .elementor-drop-cap{margin-top:8px}.elementor-widget-text-editor:not(.elementor-drop-cap-view-default) .elementor-drop-cap-letter{width:1em;height:1em}.elementor-widget-text-editor .elementor-drop-cap{float:left;text-align:center;line-height:1;font-size:50px}.elementor-widget-text-editor .elementor-drop-cap-letter{display:inline-block}<\/style>\t\t\t\t<div id=\"sppb-addon-wrapper-1648001702630\" class=\"sppb-addon-wrapper\"><div id=\"sppb-addon-1648001702630\" class=\"sppb-hidden-xs clearfix \"><div class=\"ukheading-container\"><h4 class=\"uk-title ukheading uk-margin-remove-vertical uk-custom uk-text-capitalize uk-text-bold uk-heading-bullet\"><span style=\"color: #ffffff;\">Kurumsal<\/span><\/h4><\/div><\/div><\/div><div id=\"sppb-addon-wrapper-1648001702633\" class=\"sppb-addon-wrapper\"><div id=\"sppb-addon-1648001702633\" class=\"sppb-hidden-xs clearfix \"><div class=\"ukheading-container\"><h2 class=\"uk-title ukheading uk-margin-remove-vertical uk-heading-small\"><span style=\"color: #d5001a;\">1940&#8217;lardan beri dededen toruna<\/span><\/h2><\/div><\/div><\/div><div id=\"sppb-addon-wrapper-1648001702648\" class=\"sppb-addon-wrapper\"><div id=\"sppb-addon-1648001702648\" class=\"sppb-hidden-xs clearfix \"><div class=\"uktext\"><div class=\"ukcontent\"><span style=\"color: #000000;\"><strong>s\u00fcren islami ko\u015fullara uygun kesimlerimiz ve yeti\u015ftiricili\u011fimiz ile Barutcuo\u011flu olarak g\u0131da kalitesini y\u00fcksek standartlara ta\u015f\u0131yarak t\u00fcketicinin g\u00fcvenini kazanan her \u00fcr\u00fcn\u00fc ayr\u0131 ayr\u0131 titizlikle piyasaya sunan eme\u011fe \u00e7evreye ve \u00e7al\u0131\u015fanlar\u0131na sayg\u0131l\u0131 takdir ve takip edilen bir firma olarak her g\u00fcn alan\u0131ndaki teknolojik geli\u015fmeler yenilenen sistemlerimizle 4. Ku\u015fak hizmet vermeye devam ediyoruz.<\/strong><\/span><\/div><\/div><\/div><\/div>\t\t\t\t\t\t<\/div>\n\t\t\t\t<\/div>\n\t\t\t\t<\/div>\n\t\t<div class=\"elementor-element elementor-element-f1514e7 e-con-full e-flex e-con e-child\" data-id=\"f1514e7\" data-element_type=\"container\" data-settings=\"{&quot;content_width&quot;:&quot;full&quot;}\">\n\t\t\t\t<div class=\"elementor-element elementor-element-4f54d90 elementor-widget elementor-widget-image\" data-id=\"4f54d90\" data-element_type=\"widget\" data-widget_type=\"image.default\">\n\t\t\t\t<div class=\"elementor-widget-container\">\n\t\t\t<style>\/*! elementor - v3.19.0 - 28-02-2024 *\/\n.elementor-widget-image{text-align:center}.elementor-widget-image a{display:inline-block}.elementor-widget-image a img[src$=\".svg\"]{width:48px}.elementor-widget-image img{vertical-align:middle;display:inline-block}<\/style>\t\t\t\t\t\t\t\t\t\t<img fetchpriority=\"high\" decoding=\"async\" width=\"900\" height=\"550\" src=\"https:\/\/barutcuoglukasap.com\/wp-content\/uploads\/2025\/01\/ANASAYFA-BANNER-1024x626.png\" class=\"attachment-large size-large wp-image-1303\" alt=\"\" srcset=\"https:\/\/barutcuoglukasap.com\/wp-content\/uploads\/2025\/01\/ANASAYFA-BANNER-1024x626.png 1024w, https:\/\/barutcuoglukasap.com\/wp-content\/uploads\/2025\/01\/ANASAYFA-BANNER-300x183.png 300w, https:\/\/barutcuoglukasap.com\/wp-content\/uploads\/2025\/01\/ANASAYFA-BANNER-768x469.png 768w, https:\/\/barutcuoglukasap.com\/wp-content\/uploads\/2025\/01\/ANASAYFA-BANNER-600x367.png 600w, https:\/\/barutcuoglukasap.com\/wp-content\/uploads\/2025\/01\/ANASAYFA-BANNER.png 1393w\" sizes=\"(max-width: 900px) 100vw, 900px\" \/>\t\t\t\t\t\t\t\t\t\t\t\t\t<\/div>\n\t\t\t\t<\/div>\n\t\t\t\t<\/div>\n\t\t\t\t\t<\/div>\n\t\t\t\t<\/div>\n\t\t\t\t<\/div>\n\t\t","protected":false},"excerpt":{"rendered":"Kurumsal1940&#8217;lardan beri dededen torunas\u00fcren islami ko\u015fullara uygun kesimlerimiz ve yeti\u015ftiricili\u011fimiz ile Barutcuo\u011flu olarak g\u0131da kalitesini y\u00fcksek standartlara ta\u015f\u0131yarak t\u00fcketicinin g\u00fcvenini kazanan her \u00fcr\u00fcn\u00fc ayr\u0131 ayr\u0131 titizlikle piyasaya sunan eme\u011fe \u00e7evreye ve \u00e7al\u0131\u015fanlar\u0131na sayg\u0131l\u0131 takdir ve takip edilen bir firma olarak her g\u00fcn alan\u0131ndaki teknolojik geli\u015fmeler yenilenen sistemlerimizle 4. Ku\u015fak hizmet vermeye devam ediyoruz.","protected":false},"author":1,"featured_media":0,"parent":0,"menu_order":0,"comment_status":"closed","ping_status":"closed","template":"page-templates\/bemet-template.php","meta":{"inline_featured_image":false,"_monsterinsights_skip_tracking":false,"_monsterinsights_sitenote_active":false,"_monsterinsights_sitenote_note":"","_monsterinsights_sitenote_category":0,"footnotes":""},"class_list":["post-40","page","type-page","status-publish","hentry"],"_links":{"self":[{"href":"https:\/\/barutcuoglukasap.com\/index.php\/wp-json\/wp\/v2\/pages\/40","targetHints":{"allow":["GET"]}}],"collection":[{"href":"https:\/\/barutcuoglukasap.com\/index.php\/wp-json\/wp\/v2\/pages"}],"about":[{"href":"https:\/\/barutcuoglukasap.com\/index.php\/wp-json\/wp\/v2\/types\/page"}],"author":[{"embeddable":true,"href":"https:\/\/barutcuoglukasap.com\/index.php\/wp-json\/wp\/v2\/users\/1"}],"replies":[{"embeddable":true,"href":"https:\/\/barutcuoglukasap.com\/index.php\/wp-json\/wp\/v2\/comments?post=40"}],"version-history":[{"count":32,"href":"https:\/\/barutcuoglukasap.com\/index.php\/wp-json\/wp\/v2\/pages\/40\/revisions"}],"predecessor-version":[{"id":1399,"href":"https:\/\/barutcuoglukasap.com\/index.php\/wp-json\/wp\/v2\/pages\/40\/revisions\/1399"}],"wp:attachment":[{"href":"https:\/\/barutcuoglukasap.com\/index.php\/wp-json\/wp\/v2\/media?parent=40"}],"curies":[{"name":"wp","href":"https:\/\/api.w.org\/{rel}","templated":true}]}}